e remainder when 10260 is divided by 929.
41
What is the remainder when 17311 is divided by 201?
25
Calculate the remainder when 209 is divided by 69.
2
Calculate the remainder when 4021 is divided by 120.
61
Calculate the remainder when 282753 is divided by 570.
33
Calculate the remainder when 26787 is divided by 2969.
66
Calculate the remainder when 80777 is divided by 34.
27
What is the remainder when 144747 is divided by 21?
15
What is the remainder when 73715 is divided by 322?
299
What is the remainder when 22206 is divided by 3687?
84
Calculate the remainder when 2851 is divided by 1841.
1010
What is the remainder when 17445 is divided by 170?
105
What is the remainder when 386 is divided by 353?
33
Calculate the remainder when 23070 is divided by 11529.
12
What is the remainder when 22574 is divided by 28?
6
What is the remainder when 489543 is divided by 9?
6
Calculate the remainder when 360482 is divided by 20026.
14
What is the remainder when 1700593 is divided by 94477?
7
Calculate the remainder when 27605 is divided by 82.
53
What is the remainder when 31455 is divided by 143?
138
Calculate the remainder when 7785 is divided by 12.
9
What is the remainder when 2012906 is divided by 39?
38
Calculate the remainder when 2249701 is divided by 526.
525
Calculate the remainder when 25696 is divided by 133.
27
What is the remainder when 954 is divided by 211?
110
Calculate the remainder when 6772 is divided by 4.
0
What is the remainder when 48225 is divided by 4770?
525
Calculate the remainder when 788 is divided by 23.
6
What is the remainder when 19150 is divided by 103?
95
What is the remainder when 21059 is divided by 2335?
44
What is the remainder when 17692 is divided by 847?
752
Calculate the remainder when 33345 is divided by 191.
111
What is the remainder when 398189 is divided by 81?
74
Calculate the remainder when 604112 is divided by 49.
40
What is the remainder when 361916 is divided by 27?
8
Calculate the remainder when 61930 is divided by 4423.
8
Calculate the remainder when 1581 is divided by 514.
39
What is the remainder when 15488 is divided by 57?
41
What is the remainder when 343978 is divided by 130?
128
What is the remainder when 31293 is divided by 32?
29
Calculate the remainder when 94776 is divided by 369.
312
What is the remainder when 6689 is divided by 291?
287
Calculate the remainder when 2774 is divided by 2756.
18
What is the remainder when 6261 is divided by 777?
45
Calculate the remainder when 19331 is divided by 602.
67
Calculate the remainder when 5579 is divided by 698.
693
Calculate the remainder when 663 is divided by 478.
185
Calculate the remainder when 70411 is divided by 23435.
106
What is the remainder when 12279 is divided by 15?
9
Calculate the remainder when 28460 is divided by 2561.
289
Calculate the remainder when 22019 is divided by 151.
124
Calculate the remainder when 20850 is divided by 181.
35
What is the remainder when 7766 is divided by 208?
70
What is the remainder when 26487 is divided by 10?
7
Calculate the remainder when 13483 is divided by 1037.
2
What is the remainder when 38425 is divided by 197?
10
Calculate the remainder when 33059 is divided by 66.
59
What is the remainder when 154142 is divided by 269?
5
Calculate the remainder when 2321 is divided by 462.
11
Calculate the remainder when 10892 is divided by 163.
134
Calculate the remainder when 6055 is divided by 6038.
17
Calculate the remainder when 5066359 is divided by 104.
103
What is the remainder when 8461 is divided by 942?
925
Calculate the remainder when 4455 is divided by 624.
87
What is the remainder when 21945 is divided by 5451?
141
What is the remainder when 8592 is divided by 1676?
212
Calculate the remainder when 3927 is divided by 436.
3
What is the remainder when 31724 is divided by 7858?
292
What is the remainder when 247 is divided by 36?
31
Calculate the remainder when 27429 is divided by 111.
12
Calculate the remainder when 21377 is divided by 4275.
2
Calculate the remainder when 280036 is divided by 1451.
1444
What is the remainder when 33295 is divided by 11076?
67
Calculate the remainder when 1967 is divided by 17.
12
Calculate the remainder when 29730 is divided by 7385.
190
Calculate the remainder when 6887 is divided by 1717.
19
Calculate the remainder when 215046 is divided by 253.
249
Calculate the remainder when 47344 is divided by 1990.
1574
What is the remainder when 6219 is divided by 565?
4
Calculate the remainder when 1139899 is divided by 17.
15
What is the remainder when 5718 is divided by 127?
3
Calculate the remainder when 23594 is divided by 259.
25
What is the remainder when 668328 is divided by 28?
24
What is the remainder when 205138 is divided by 562?
8
What is the remainder when 1325649 is divided by 25?
24
What is the remainder when 24176 is divided by 14?
12
What is the remainder when 12087 is divided by 37?
25
What is the remainder when 9063 is divided by 1107?
207
What is the remainder when 1191 is divided by 47?
16
What is the remainder when 10878 is divided by 30?
18
Calculate the remainder when 2726317 is divided by 193.
192
Calculate the remainder when 378416 is divided by 30.
26
Calculate the remainder when 42171 is divided by 8396.
191
Calculate the remainder when 12340186 is divided by 21.
19
Calculate the remainder when 2534173 is divided by 225.
223
What is the remainder when 2196 is divided by 553?
537
Calculate the remainder when 3108 is divided by 153.
48
What is the remainder when 9789 is divided by 975?
39
Calculate the remainder when 13688 is divided by 2.
0
What is the remainder when 2737 is divided by 7?
0
What is the remainder when 27927 is divided by 325?
302
Calculate the remainder when 37534 is divided by 12.
10
What is the remainder when 2153 is divided by 215?
3
What is the remainder when 15830 is divided by 29?
25
What is the remainder when 313269 is divided by 171?
168
What is the remainder when 297785 is divided by 80?
25
Calculate the remainder when 1426 is divided by 706.
14
What is the remainder when 28070 is divided by 23?
10
Calculate the remainder when 7572 is divided by 6821.
751
What is the remainder when 1904 is divided by 120?
104
Calculate the remainder when 1319 is divided by 307.
91
Calculate the remainder when 13808 is divided by 13807.
1
What is the remainder when 6069 is divided by 131?
43
Calculate the remainder when 2265 is divided by 926.
413
Calculate the remainder when 1459631 is divided by 182453.
7
Calculate the remainder when 1763 is divided by 4.
3
What is the remainder when 44748 is divided by 136?
4
What is the remainder when 83326 is divided by 27766?
28
Calculate the remainder when 21023 is divided by 105.
23
What is the remainder when 2370 is divided by 197?
6
What is the remainder when 73623 is divided by 4090?
3
Calculate the remainder when 2363 is divided by 91.
88
Calculate the remainder when 176059 is divided by 44011.
15
What is the remainder when 31049 is divided by 15?
14
Calculate the remainder when 2290 is divided by 78.
28
Calculate the remainder when 9947266 is divided by 141.
139
Calculate the remainder when 4266 is divided by 127.
75
Calculate the remainder when 1682774 is divided by 277.
276
What is the remainder when 520287 is divided by 520270?
17
What is the remainder when 420448 is divided by 53?
52
Calculate the remainder when 21359 is divided by 21349.
10
Calculate the remainder when 12567 is divided by 1565.
47
What is the remainder when 16336 is divided by 38?
34
What is the remainder when 113210 is divided by 16?
10
Calculate the remainder when 1452 is divided by 565.
322
What is the remainder when 10714 is divided by 324?
22
What is the remainder when 4411 is divided by 66?
55
Calculate the remainder when 736 is divided by 280.
176
Calculate the remainder when 20014 is divided by 13.
7
What is the remainder when 801449 is divided by 29?
5
Calculate the remainder when 8243 is divided by 8222.
21
Calculate the remainder when 9207 is divided by 511.
9
What is the remainder when 22140 is divided by 183?
180
Calculate the remainder when 452523 is divided by 693.
687
Calculate the remainder when 177577 is divided by 1675.
27
What is the remainder when 102 is divided by 57?
45
What is the remain